 -1 - 2)?
11
27 + (-10 - 53 - -14)
-22
(4 - (1 - -3 - 7)) + (1 - 3)
5
Calculate -4 - (-2 + 4 + -10 + 1).
3
What is 4 - 5 - (1 + 1 + (4 - 15))?
8
Evaluate 286 + -272 + (0 - -5).
19
2 + -10 + (-7 - -14)
-1
What is the value of -316 + 301 - (0 - 12)?
-3
Calculate 27 + -1 + (478 - 475).
29
(-1 - 0) + (-3 - (6 - 11)) + -2
-1
1 + (-6 - -2) - ((-29 - -17) + 3)
6
Calculate -3 + (1 - 5) - -13.
6
-8 - (-46 + 20) - -9
27
(18 - 10 - (1 + 7)) + 1 + -1
0
What is the value of -13 + (-12 - (-46 + 14))?
7
What is the value of (-17 - 0) + (-167 - -167)?
-17
Evaluate (-12 - -1) + 1 + (42 - (-45 + 95)).
-18
Evaluate (7 - (-16 - -4)) + -25.
-6
Calculate (33 - (14 - 2)) + -9.
12
2 - (11 - 11) - -5
7
What is 15 + (21 + -27 - 5)?
4
Calculate -2 + 13 + (-5 - 0) + 8 + -3.
11
Calculate (-2 - (12 + -2)) + 3 + -7.
-16
Calculate (10 - (28 + -21)) + 33 + 0.
36
Calculate -63 + 33 - (1 + -4) - (-1 - -2).
-28
27 - ((-10 - -11) + 6 + -1 + 6)
15
(-1 - -21) + (-23 - -59 - 45)
11
Calculate (-2 + 3 - 6) + -3 + 4 + 17.
13
-7 - 5 - 4 - -10
-6
What is 0 + -8 - (142 - 157)?
7
What is the value of -10 + (32 - (10 - -2))?
10
(-327 - -311) + (-2 + 1 - (3 - 8))
-12
What is the value of (-4 + (1 - 10) - -24) + -9?
2
Evaluate (3 - 11) + 16 + -8.
0
3 - (11 + 0 - (-26 - -38))
4
Evaluate 2 + 4 + -1 + (10 - 3).
12
(-20 - (1 - 0)) + 11
-10
What is the value of -1 + -19 + (-463 - -495)?
12
What is the value of 13 + (-4 - -5 - -3)?
17
Evaluate 15 + (-21 - -6) + 4.
4
-63 + 64 - (-1 + -1 + (2 - -6))
-5
Calculate (-2 - (-1 - 3)) + (42 - 39).
5
Evaluate -4 - (-9 - (4 + 4 + -9)).
4
What is the value of -5 + 14 + -12 - -10?
7
What is -30 + (13 - (-10 + 2 + 8 + 6))?
-23
-22 + 0 + -8 + 16 + 6
-8
Evaluate 11 + -3 - (15 + 8) - -8.
-7
-9 - (-29 + 24 - 20)
16
What is the value of 10 + (-7 - (-3 - 4 - (-1 + -9)))?
0
What is -3 - -7 - ((-5 - -21) + 17)?
-29
-8 - (0 - 1) - (-12 - (-11 + 1))
-5
Calculate (-3 - -15) + -6 + (10 - -2 - 7).
11
What is the value of 5 - (-3 + -6 - (-3 + -2))?
9
Calculate 8 + 7 + (-32 - (-10 + -10 - -10)).
-7
-461 - -429 - (-44 - -1)
11
What is the value of 8 + (5 - 9) + -34 + 10?
-20
Calculate -16 + (12 - -5) - -12.
13
Calculate -7 + 1 + 2 + (18 - 8).
6
Evaluate 52 - 32 - (2 + (12 - 5)).
11
-17 + 11 + -1 + 6 + -22 + 12
-11
What is the value of 82 + 52 + -108 - (0 + 2 + 1)?
23
What is the value of (6 - 11 - -34) + -15?
14
What is the value of (13 - 9) + 16 + -22?
-2
Calculate (-2 + 2 - 0) + 12 + -28 + 5.
-11
What is 9 - (7 + -13) - (37 - 21)?
-1
Evaluate (19 + -8 - -9) + -31.
-11
Evaluate -19 + -6 + (0 - 1) + 9 - -7.
-10
Evaluate (-4 - -5) + (-1 - 4).
-4
What is the value of 27 + 1 + 1 - (48 + -115 + 64)?
32
What is the value of (-8 - -1 - -10) + 4 + 0?
7
Evaluate -7 + 11 + (-6 - -4).
2
Calculate -4 - (-5 + 9 + -16 - -4).
4
What is the value of 10 - ((3 - 4) + 4)?
7
-3 - (-10 + 1 + (1 - 8)) - 1
12
Calculate -1 + -30 - -10 - (-5 + -2).
-14
(0 - (14 - 19)) + (3 - 1)
7
(-39 - -29) + (-1 - -5) + 40 + -38
-4
What is the value of -24 + 13 + (14 - 11) + -5?
-13
Evaluate 919 + -946 - (0 - 52).
25
Calculate (-9 - -13) + (3 - -1).
8
Calculate -2 + (-5 - (34 + -26 - (1 + 1))).
-13
What is (-17 + 8 + -3 - -8) + 7 + 1?
4
What is -15 + 41 - -1 - 15?
12
What is (-12 - 4) + 11 + (-19 - 3) + 2?
-25
Evaluate 9 - (25 - (-11 + 13)).
-14
What is 2 + -8 + (10 - (-26 - -44))?
-14
Evaluate 4 + -8 + (8 - (9 - (8 - -16))).
19
What is 2 + (0 + -6 + 7 - -3)?
6
Evaluate 9 - (6 + 15 + -9 + -5).
2
Calculate (-1 - 2) + 3 + 5 + -14.
-9
Evaluate -16 - (22 + -37 + 23).
-24
What is 2 + 3 + 29 + -38?
-4
Calculate -11 - -9 - -6 - (-5 - (1 - 2)).
8
Calculate (1 - -10) + 40 + -52 - (-4 - -1).
2
Calculate (-5 - 1) + 15 + 8 - (0 - 2).
19
What is (-5 - (8 - 15)) + 5 - 5?
2
Calculate 37 - 37 - (3 + 2 + -22).
17
Calculate 10 + -6 + 30 + -11.
23
What is -7 + 10 + -5 - 3?
-5
Calculate -1 - 3 - (-56 - -52).
0
What is -4 + 3 + 7 + 1 - (-26 - -16)?
17
Evaluate (-2 + -11 - -4) + -37 + (20 - 4).
-30
Evaluate -27 + (3 - -9) + 4.
-11
Evaluate (9 - 30) + (39 - 16).
2
What is 9 - (3 - 19) - 13?
12
What is the value of 159 + -169 + (15 - (-2 - -2)) + -9?
-4
What is (0 - -7) + -2 + -1 - 7?
-3
Calculate 3 - (13 + -19 + 14).
-5
What is the value of (-10 - -5) + 12 + -16 - -11?
2
(-47 + 66 - (2 + 1)) + -15
1
Calculate 10 + (-2 - (-12 - 1)) + -12.
9
Evaluate -5 + -31 - (-306 - -279).
-9
Evaluate -6 + (-36 - -38 - 13).
-17
1 + 6 + (94 - 86)
15
Evaluate -13 - (12 - (40 + -14 - 13)).
-12
What is the value of 7 + (-3 + -7 - (-11 - -12))?
-4
What is (3 - 8) + (15 - 3)?
7
What is -2 - 0 - (-21 + 35 + (2 - 5))?
-13
Evaluate -4 - (-5 + 5 + (-22 - -8 - -1)).
9
Evaluate (31 - 30 - (-9 - 0)) + -9 + -9.
-8
Calculate (-1 - -15) + 2 + 1 + -1 + -6.
10
4 - (-4 + 3) - (-9 - (4 - 6))
12
Evaluate ((8 - -1) + -10 - 19) + -6 - 4.
-30
Calculate -16 - ((3 - (5 + -6 - -6)) + -5).
-9
What is the value of -10 - (5 + (-4 - -4)) - -2?
-13
(12 - 14) + (9 - (1 + 3) - 0)
3
Evaluate -1 - 0 - 6 - (-14 - 9).
16
What is the value of 0 + -9 + (15 - 2 - 14 - -5)?
-5
What is the value of 12 + 9 + -6 + -25 + 1 + 30?
21
What is -3 - (2 + (-3 - -7)) - -3?
-6
Evaluate (2 + -6 - (-14 - -14)) + 2.
-2
What is the value of -3 - (-12 - -4) - (-43 - -31)?
17
What is the value of (-16 - -18 - 4) + -4?
-6
-3 + 5 + 5 - (15 - 25)
17
What is (-4 + 0 - -19) + -15 + 15?
15
What is (2 - -6 - (7 + (4 - 4))) + -6?
-5
What is the value of -22 + -4 + 1 + (-14 - -9)?
-30
Calculate -51 - -54 - (-2 + -14) - 6.
13
Calculate 2 + 38 + 1576 + -1593.
23
What is (0 - 2 - -5) + -95 + 89?
-3
Calculate 3 - (7 - (3 - 15)).
-16
Calculate 8 + (-5 - (-3 - -4)) + 3.
5
What is 1 + 0 + 12 + -3 + -19 + 22?
13
Evaluate 49 + -50 + (-2 - (3 - (0 + 3))).
-3
Calculate -14 - (27 + 7 + -57).
9
4 - ((0 - 0) + 0 - -10)
-6
Evaluate -2 - ((36 - 47) + 4).
5
What is the value of -53 + 47 + 3 + 1 + -8 + -2?
-12
What is 1 - ((7 - -5) + 9 - 9)?
-11
Evaluate 13 + (7 - 12 - (-3 - -4)).
7
What is (-12 + -2 - -20 - 5) + -14 + 1?
-12
-984 - -996 - ((0 - -21) + 0)
-9
What is 9 - -20 - 30 - ((3 - 20) + 3)?
13
23 + -21 - (-5 - -6 - -3)
-2
Evaluate 4 + (24 - 5) + -23.
0
7 - ((-32 - -31) + (2 - -12)) - 6
-12
Evaluate (21 - -9) + -43 - 12.
-25
What is the value of (0 - 2 - -10) + (-51 - -43) + 15?
15
What is the value of -18 - (47 - (5 - -36))?
-24
Calculate 7 - 10 - 1 - (5 - 13) - 4.
0
Calculate (-32 - -43) + -21 - (17 + 2).
-29
What is the value of -1 + 1 + 3 + 30 + -28 - -1?
6
What is -12 - -5 - (1 + -6 + 4 + -21)?
15
11 + -10 - (-13 - (-3 - 5))
6
31 + 8 - (9 - -2 - 4)
32
What is the value of -7 + -7 + -14 + 17 + (5 - 1)?
-7
What is (-27 - (18 - 44 - -14)) + 8?
-7
(-17 + 3 - -27) + (0 - 3)
10
-29 + -23 + -27 + 53
-26
What is the value of -15 + (2 - (14 + -7 + -4)) + -3?
-19
Calculate 553 + -556 + 25 + 4.
26
What is -103 + 96 + 2 + -2?
-7
0 + 8 + (11 - -5) + -8 + -11
5
What is -14 - ((-10 - -13) + -20)?
3
Calculate (-35 - -25) + 6 + (-1 - 3) + 0.
-8
What is the value of -6 - (-10 - (4 - 7) - (2 - -3))?
6
What is the value of 4 + 1 - (-2 - -3) - (-451 + 439)?
16
Evaluate (-2 - 2) + -3 + 2 + -5 - -7.
-3
What is 4 + (8 - -11) - 25?
-2
Calculate 2 - ((1 - 10) + 21) - (-1 - 8).
-1
What is the value of -13 + (-5 - ((3 - (3 - -7)) + 0))?
-11
Calculate -2 + (0 - 17 - (12 - 18)).
-13
Evaluate (-1 - -11) + -361 + 368.
17
What is -7 + (16 - 7) + -6?
-4
1 + (-2 - -11 - 12 - -2)
0
What is 5 + -1 + 1 + -49 + 51?
7
(-123 - -113) + (11 - 0)
1
Evaluate -1 - (11 + -37 + 16).
9
What is 9 - (37 - (1 - -4 - -2 - 1))?
-22
Calculate -52 - (27 + (-85 - -22)).
-16
What is the value of -9 + (6 - (3 + -1)) - 1?
-6
Evaluate 2 + 3 + -12 + 150 + -180.
-37
Evaluate (-107 - -101) + (-4 - -3 - 8).
-15
Calculate -3 - (-1 + 2) - 1 - (6 + 0).
-11
-4 + (-12 - (-5 - (-3 + 7)))
-7
8 + (-1 - 4) - (-2 + 1)
4
What is 7 + -9 + 10 - (-1 - 3)?
12
Calculate 0 - 16 - (-6 + 2).
-12
Evaluate 33 + -18 + 34 + -26.
23
Evaluate -38 - (-10 - (-17 - (-27 - -11))).
-29
What is the value of (20 + -2 - (42 - 9)) + 45?
30
Evaluate -2 - (12 - 8 - 6 - 0).
0
14 + (1 - ((2 - -5) + -1 + -2))
11
What is 2 + -15 - (21 + -27)?
-7
3 - (-12 + 14) - (-2 + 9)
-6
-13 - (-1 - (2 - 0)) - 8
-18
What is the value of (6 - -4) + (4 - 4)?
10
What is the value of 4 + -8 + 10 + -8 + 8 - 5?
1
What is -4 - -23 - (-51 - -41)?
29
What is 1 - 7 - ((20 - 22) + 3)?
-7
What is 13 + -12 - (9 + (0 - -3) + 2)?
-13
11 + 3 + -46 + (-10 - 